v*o - 48*o. What is the tens digit of o?
4
Suppose -10*n = 11 - 31. Suppose -n*b + 230 = -2176. What is the hundreds digit of b?
2
Let c(h) = -3312 + 3307 + 2*h**2 - h**2 - 5*h - h**3. What is the tens digit of c(-4)?
9
What is the units digit of ((-2 - -1) + (-2270)/(-5))*(-500)/(-750)?
2
Let i = 34 + -26. Suppose -i*s + 19*s = 4994. What is the units digit of s?
4
Let w(u) = 177*u**3 + u**2 + u + 1. Let x be w(-1). Let o = 62 - x. What is the hundreds digit of o?
2
Let s be 260/40 - 6/4. Suppose s*t - 1895 = -2*b, -7*b + 734 = 2*t - 11*b. What is the hundreds digit of t?
3
Let n(d) = -29*d**3 - 20*d**2 + 5*d - 6. Let w be n(-6). Suppose -3*v + 571 = 4*r - w, 2*r = 5*v + 3059. What is the units digit of r?
2
Suppose x + 5 = -r + 4*x, -5*x = -4*r + 8. Let n(y) = -112*y - 8 - r + 10. What is the units digit of n(-1)?
7
Let u be ((-438)/(-73))/((-6)/(-8)*2). Suppose -5*z + 0*z = -3*o + 1356, z = -u*o + 1808. What is the hundreds digit of o?
4
Let p(x) = -x**2 - x + 5. Let d be p(3). Let b(i) = -i**2 - 3*i + 26. Let o be b(d). What is the hundreds digit of 2 + 2758/21 - o/3?
1
Let d = 178 + -184. What is the tens digit of (0 + (-9)/d)*(-92)/(-3)?
4
Let s be (-6 - -6) + (2*-1 - -16). What is the units digit of 29084/28 + (-38)/s + 3?
9
Suppose 0 = -317*c + 4218451 - 42399 + 761857. What is the hundreds digit of c?
5
Let j = 22113 + -10312. What is the ten thousands digit of j?
1
Suppose -5*n + 239 = 4*a - 1553, 0 = -a + 2*n + 435. Suppose 0 = -3*z - 18*p + 22*p + 1333, p + a = z. What is the hundreds digit of z?
4
Suppose -3*a = d + 53, -5 = -a + 4*d - 14. Let c(y) = 4*y**2 + 14*y + 123. What is the thousands digit of c(a)?
1
Let k be -86*((-5)/2)/5. Let a = -41 + k. Suppose 3*j - 306 = -j - a*x, -3*x = 2*j - 159. What is the tens digit of j?
7
Suppose 3*u - 5*c - 132980 = 0, 178255 - 45203 = 3*u + 4*c. What is the thousands digit of u?
4
Suppose -2*c + t = -5 - 3, 3*c - t = 11. Suppose c*v + 4*q - 1544 = -v, -2*v + 4*q + 748 = 0. What is the tens digit of v?
8
Suppose 9*x - 4273 = -3*f + 7*x, -f = 4*x - 1421. Let v = f - 703. What is the units digit of v?
2
Let p(z) = z**2 + z + 25. Let k be p(0). Suppose 0 = 5*o - 10, -x - 6*o + 11*o = -159. Suppose -x = -4*q - k. What is the tens digit of q?
3
Let y(k) = 6*k - 108. Let p be y(18). Suppose 13*h = -p*h + 52. What is the units digit of h?
4
Let n = 15 - -154. Let r = n - -115. Suppose 51 = 5*w - r. What is the tens digit of w?
6
Let m = -31518 + 64770. What is the thousands digit of m?
3
Let t(d) = d**3 - 12*d**2 - 6*d + 66. Let w be t(12). Let f(o) be the third derivative of -5*o**4/8 - 5*o**3/6 + 2*o**2. What is the units digit of f(w)?
5
Suppose -18*s + 82444 = 43*s - 1570717. What is the units digit of s?
1
Suppose 656 - 1826 = -9*b. Suppose 2*w - 554 - b = 0. Suppose 0 = -2*y - 4*i + w, -5*y + 3*i + 894 = -0*y. What is the tens digit of y?
7
Let n be ((-560)/(-15))/7*(-3)/(-2). Let o = -15645 - -8477. What is the tens digit of n/52 - o/52?
3
Suppose -3*x + 4*c = 1132, -4*c - 372 = -5*x + 6*x. Let w = x - -773. What is the hundreds digit of w?
3
What is the units digit of (127290/(-4))/(-3)*((-104)/(-5))/26?
6
Suppose 0 = -c - 4*o + 42152, -c + 42145 = 59*o - 54*o. What is the ten thousands digit of c?
4
Let b = 8974 + 565. What is the units digit of b?
9
Let y = 2178 + -1679. What is the units digit of y?
9
Let y be -5 + 95/10 + 1/2. Suppose -y*x + 981 = 5*m - 1024, -4*m - 1210 = -3*x. What is the units digit of (x/5)/(24/60)?
1
Suppose 5*c = p - 735, -4*c + 2*p = 3*p + 597. Let k = -82 - c. Suppose 2*v - 2 = k. What is the units digit of v?
4
Suppose 58*h - 3077424 = -412*h - 132*h. What is the thousands digit of h?
5
Let s(o) = 10*o**3 - 49*o**2 - 19*o + 21. What is the thousands digit of s(9)?
3
What is the thousands digit of ((-5)/((-35)/(-602)))/(1/(-19))?
1
Let k(x) be the first derivative of x**2 - 16*x - 2. Let w be k(5). Let p(y) = y**2 + y + 6. What is the tens digit of p(w)?
3
Suppose -4*y = 2*h - 80, -6*y - 60 = -10*y + 3*h. Suppose y*u = 4*u + 112. What is the hundreds digit of 6/u + (-1599)/(-12)?
1
Suppose 0 = -68*p + 41*p + 19494. What is the hundreds digit of p?
7
What is the thousands digit of 5/6*4*(-90)/60 - -20084?
0
Let i be (-3)/(-6) - (-30)/12. Let q(v) = v**3 - v + 1. Let d(s) = -s**2 + 4*s - 6. Let k(r) = d(r) + q(r). What is the tens digit of k(i)?
2
Let w(k) = 2*k + 4. Let v be w(0). Suppose -v*x + 1167 = -x + 3*t, 4 = -2*t. What is the tens digit of x?
9
Suppose -b + 120 = -4*s, 2*b + 12 = -b. Let d = s - -31. Suppose d = 5*j - 540 - 150. What is the tens digit of j?
3
Let h = 35 - 38. Let m(a) = 17*a**2 - 7*a - 9. Let t be m(h). Let l = -72 + t. What is the units digit of l?
3
Let o(u) = 102*u**2 + 321*u - 2. What is the tens digit of o(-4)?
4
Suppose j = -x + 25052, -57*j = -5*x - 58*j + 125264. What is the ten thousands digit of x?
2
Let r(y) = 17*y - 84. Let q be r(5). What is the units digit of (5/10*-2 - q)*-92?
4
Suppose 3*b = -15, -13 - 1 = -m + 2*b. Suppose 3*s = 2*u - 937, 2*u + 521 = 5*s + 1464. Suppose 4*n - u = -m*n. What is the units digit of n?
8
Suppose -2*j = 57 - 189. Let d be (-4 + (-31)/(-2))*j. What is the hundreds digit of (3/(3/10))/(46/d)?
1
Suppose -43*q + 47*q = -324. Let h = 139 + q. Suppose -2*d = 3*r - 41 - 15, 2*d + 2*r - h = 0. What is the units digit of d?
1
Let x be (38/60 + (-6)/45)*16. Let i(g) = 29*g + 5. What is the tens digit of i(x)?
3
Suppose -h - 20 = -3*x - x, 5*x - 25 = 3*h. Suppose 0*q - x*q = -80. Suppose -19*d = -q*d - 429. What is the hundreds digit of d?
1
Let p(r) = 15*r**2 + 2*r + 1416. Let m be p(0). Let w = m - 750. What is the tens digit of w?
6
Let k be (9 + -12)/(10/8 - 2). Suppose -9 - 3 = -k*p. What is the units digit of (-105)/10*(p - 5)?
1
Suppose -25*i - 7862 = 5288. Let p = i + 1238. What is the tens digit of p?
1
What is the thousands digit of 2854/((-2)/(8 + -9 - 0))?
1
Suppose -4*q + 23 = 7, 0 = 5*d + 2*q - 3378. Suppose -21*k = -16*k. Suppose -3*r - 4*t + 704 = -k*t, 3*r - 2*t - d = 0. What is the tens digit of r?
2
Let f(h) = -h**3 - 5*h**2 + h + 27. Let a be f(-10). Let t = a + -231. What is the units digit of t?
6
Suppose 2*u + 8 = -9*s + 11*s, 3*s + 2 = u. Let z be ((-446)/(-4) - 1)/(u/(-14)). Suppose 7*l = -6*l + z. What is the tens digit of l?
1
Let k(v) = 1122*v - 2951. What is the units digit of k(47)?
3
What is the units digit of 30287 + ((-10)/(-6))/(5/15)?
2
Let x be 0 + 8/(-2) - -7. Suppose -12*i + 2865 = x*i. What is the units digit of i?
1
Let d = 144690 + -102486. What is the hundreds digit of d?
2
What is the units digit of 16158/(-150)*-45 + 3/5?
8
Let u be 12*(-4)/(-60) + (-1299)/5. Let z = -230 - u. What is the tens digit of z?
2
Let p = -196 - -3002. What is the units digit of p?
6
Suppose 5*r - 5*v = 135930, -108*v + 54390 = 2*r - 113*v. What is the units digit of r?
0
Let b(h) = 3*h**2 - 8*h - 15. Suppose -29 + 24 = -5*d. Let l(s) = 8*s**2 + 5*s - 6. Let q be l(d). What is the units digit of b(q)?
6
Suppose -27*n + 37004 = -9*n - 14*n. What is the units digit of n?
1
Let r(q) = -131 + 419 - 140 + 56*q - 135. Let f = 10 - 7. What is the units digit of r(f)?
1
Let j(r) = -56335*r**3 - 3*r**2 - 7*r - 3. What is the thousands digit of j(-1)?
6
Let y = -77 - -92. Suppose 6*o = y*o - 10512. What is the hundreds digit of o?
1
Let m = -7232 - -15264. What is the hundreds digit of m?
0
Let p = -644 + 632. What is the tens digit of 1 + (-327)/p + (-8)/32?
2
Let c = -1426 - -1710. What is the hundreds digit of c?
2
Let m = 500 + -497. Suppose -4*x + 3004 - 708 = -t, m*t - 1148 = -2*x. What is the units digit of x?
4
Suppose 24*i - 40 - 80 = 0. What is the tens digit of -3 - -986 - 5*(-6)/i?
8
Suppose 4*l = 4*d - 62612, -569*d + 4*l + 15662 = -568*d. What is the tens digit of d?
5
Let h(g) = -g + 4 + 3*g**2 + 0*g - 7 + 3*g**2. Let d be h(2). Suppose -d*l - 401 = -2643. What is the units digit of l?
8
Let v be (-4 + 14/4)/((-1)/1252). Let x = 1074 - v. What is the tens digit of x?
4
Let i(k) = -k**3 - 16*k**2 - k - 111. What is the units digit of i(-20)?
9
Suppose 0 = z + 3*a - 71, 0 = 5*z + 4*a - 175 - 125. Suppose 0 = 3*l - 10*l - z. What is the tens digit of (88/10)/(l/(-20))?
2
Suppose 34*h - 26126 + 3788 = 0. Let v = h + -398. What is the tens digit of v?
5
Suppose 4096*p - 4106*p 